visor of 64 and 1472?
64
Calculate the greatest common divisor of 1 and 10247.
1
Calculate the highest common factor of 60 and 165.
15
What is the greatest common divisor of 2191 and 49?
7
Calculate the highest common factor of 24 and 1704.
24
Calculate the highest common divisor of 5 and 320.
5
What is the greatest common divisor of 1716 and 8866?
286
Calculate the greatest common divisor of 98 and 735.
49
Calculate the highest common divisor of 1216 and 64.
64
Calculate the highest common factor of 602 and 42.
14
What is the greatest common factor of 570 and 110?
10
What is the highest common factor of 833 and 952?
119
What is the greatest common factor of 84 and 2996?
28
What is the highest common divisor of 1440 and 45?
45
Calculate the greatest common divisor of 47 and 2209.
47
What is the highest common divisor of 474 and 9322?
158
Calculate the greatest common factor of 341 and 22.
11
Calculate the highest common factor of 72 and 153.
9
Calculate the highest common divisor of 646 and 578.
34
What is the greatest common factor of 9058 and 14?
14
What is the highest common divisor of 1040 and 5408?
208
What is the highest common factor of 17 and 9?
1
What is the greatest common factor of 39 and 14274?
39
Calculate the highest common factor of 169 and 39.
13
Calculate the greatest common factor of 1727 and 1099.
157
What is the greatest common divisor of 3 and 1122?
3
What is the greatest common divisor of 1830 and 270?
30
What is the greatest common divisor of 77 and 44?
11
Calculate the greatest common factor of 3597 and 66.
33
Calculate the greatest common factor of 40 and 820.
20
Calculate the greatest common factor of 1246 and 4.
2
What is the highest common divisor of 367 and 8?
1
What is the highest common factor of 45 and 705?
15
Calculate the highest common factor of 6463 and 23.
23
What is the greatest common factor of 6 and 93?
3
Calculate the highest common divisor of 357 and 952.
119
Calculate the greatest common factor of 615 and 1599.
123
What is the highest common divisor of 20502 and 18?
18
Calculate the highest common factor of 66 and 110.
22
What is the highest common factor of 10 and 58?
2
Calculate the greatest common factor of 143 and 88.
11
Calculate the greatest common factor of 2060 and 2678.
206
Calculate the greatest common divisor of 1015 and 6380.
145
Calculate the greatest common divisor of 9 and 3096.
9
Calculate the highest common factor of 1845 and 90.
45
What is the highest common divisor of 39096 and 216?
216
Calculate the highest common factor of 128 and 36.
4
Calculate the highest common divisor of 16 and 632.
8
Calculate the highest common divisor of 224 and 1400.
56
What is the highest common divisor of 1881 and 27?
9
What is the highest common factor of 1108 and 12?
4
Calculate the highest common divisor of 1677 and 387.
129
What is the greatest common factor of 19314 and 116?
58
What is the highest common factor of 1072 and 296?
8
What is the highest common factor of 31232 and 64?
64
Calculate the highest common divisor of 81 and 9.
9
What is the highest common factor of 90 and 4?
2
Calculate the greatest common divisor of 3604 and 340.
68
What is the highest common factor of 12 and 70752?
12
Calculate the greatest common divisor of 3362 and 820.
82
What is the greatest common factor of 374 and 22?
22
What is the greatest common divisor of 143 and 2145?
143
Calculate the greatest common factor of 53 and 6095.
53
Calculate the highest common divisor of 21679 and 38.
19
Calculate the highest common divisor of 3976 and 8.
8
What is the highest common divisor of 280 and 3325?
35
Calculate the greatest common factor of 58 and 28.
2
Calculate the highest common divisor of 126 and 518.
14
What is the highest common divisor of 27 and 1?
1
Calculate the greatest common factor of 616 and 11.
11
Calculate the greatest common factor of 70 and 945.
35
Calculate the highest common divisor of 6 and 120.
6
What is the highest common divisor of 21 and 735?
21
What is the highest common factor of 34 and 9418?
34
Calculate the highest common divisor of 9108 and 207.
207
What is the highest common factor of 6962 and 826?
118
Calculate the highest common divisor of 16 and 856.
8
What is the greatest common divisor of 11040 and 45?
15
What is the highest common divisor of 6 and 2874?
6
Calculate the greatest common factor of 6 and 192.
6
What is the highest common divisor of 164 and 246?
82
Calculate the highest common divisor of 15 and 6.
3
What is the greatest common factor of 24 and 444?
12
What is the greatest common divisor of 765 and 105?
15
What is the highest common divisor of 200 and 250?
50
Calculate the highest common factor of 58 and 26941.
29
What is the highest common factor of 28 and 21?
7
Calculate the highest common divisor of 1135 and 5.
5
What is the highest common factor of 340 and 5372?
68
What is the highest common divisor of 656 and 2?
2
Calculate the greatest common divisor of 13936 and 26.
26
What is the greatest common divisor of 50 and 40?
10
Calculate the greatest common divisor of 3159 and 117.
117
Calculate the greatest common divisor of 16 and 1484.
4
What is the highest common divisor of 75 and 840?
15
Calculate the greatest common factor of 11 and 7.
1
Calculate the highest common divisor of 9 and 99.
9
What is the highest common divisor of 10812 and 1060?
212
Calculate the greatest common factor of 231 and 105.
21
What is the greatest common divisor of 9438 and 66?
66
What is the highest common factor of 2 and 139?
1
Calculate the greatest common factor of 142 and 24424.
142
Calculate the greatest common divisor of 2201 and 142.
71
Calculate the highest common factor of 825 and 575.
25
Calculate the highest common divisor of 69 and 943.
23
Calculate the highest common factor of 20539 and 437.
437
Calculate the highest common factor of 87899 and 203.
203
What is the highest common factor of 340 and 20?
20
What is the greatest common divisor of 8607 and 57?
57
Calculate the greatest common divisor of 100 and 4100.
100
What is the greatest common divisor of 299 and 559?
13
What is the highest common factor of 200 and 15?
5
Calculate the greatest common divisor of 36 and 711.
9
What is the highest common factor of 6012 and 108?
36
What is the greatest common divisor of 287 and 205?
41
Calculate the greatest common divisor of 332 and 2.
2
Calculate the greatest common divisor of 29 and 29.
29
What is the greatest common factor of 5494 and 402?
134
What is the greatest common factor of 729 and 324?
81
What is the greatest common factor of 42 and 384?
6
Calculate the greatest common factor of 6 and 2334.
6
What is the greatest common divisor of 80 and 60?
20
Calculate the greatest common divisor of 451 and 627.
11
What is the highest common divisor of 1644 and 24?
12
What is the greatest common divisor of 23024 and 16?
16
What is the greatest common divisor of 18055 and 157?
157
What is the highest common divisor of 6 and 1830?
6
Calculate the highest common factor of 48 and 1773.
3
Calculate the greatest common divisor of 28 and 14518.
14
What is the highest common factor of 763 and 109?
109
What is the greatest common factor of 6946 and 906?
302
Calculate the greatest common factor of 607 and 1.
1
What is the greatest common factor of 34830 and 180?
90
What is the greatest common divisor of 20 and 64?
4
Calculate the greatest common divisor of 86 and 1118.
86
Calculate the greatest common factor of 1266 and 9.
3
What is the greatest common divisor of 1358 and 1552?
194
What is the greatest common factor of 264 and 6424?
88
What is the highest common divisor of 665 and 1960?
35
What is the highest common factor of 1503 and 36?
9
Calculate the greatest common factor of 5549 and 93.
31
Calculate the greatest common factor of 885 and 9.
3
What is the greatest common divisor of 12826 and 636?
106
Calculate the highest common factor of 651 and 21.
21
Calculate the greatest common divisor of 3 and 105.
3
What is the greatest common factor of 1648 and 515?
103
Calculate the greatest common factor of 8 and 5608.
8
Calculate the highest common factor of 810 and 20.
10
What is the highest common factor of 147 and 924?
21
What is the greatest common factor of 40 and 5?
5
What is the greatest common 